{"id":2161,"date":"2020-11-03T22:02:02","date_gmt":"2020-11-04T00:02:02","guid":{"rendered":"https:\/\/ieesp.org.br\/site\/?page_id=2161"},"modified":"2021-09-30T16:48:47","modified_gmt":"2021-09-30T19:48:47","slug":"contruindofuturo","status":"publish","type":"page","link":"https:\/\/ieesp.org.br\/site\/contruindofuturo\/","title":{"rendered":"CONSTRUINDO O FUTURO"},"content":{"rendered":"<p>[vc_row css=&#8221;.vc_custom_1633013352404{padding-top: 00px !important;padding-bottom: 00px !important;background-color: #fafafa !important;}&#8221;][vc_column]        <h3 style=\"text-align:left;font-size:; font-weight:  ; color: #67b5bb ;  \" class=\" headding_two \">CONHE\u00c7A O            <span style=\"color: #000000 ; font-size:; font-weight:  \">CONSTRUINDO O FUTURO<\/span>\n        <\/h3> \n\t\t[vc_column_text css_animation=&#8221;fadeInUp&#8221; css=&#8221;.vc_custom_1633023659159{margin-bottom: 42px !important;}&#8221;]Conhe\u00e7a o Construindo o Futuro, nossa iniciativa para o fortalecimento institucional das organiza\u00e7\u00f5es da sociedade civil brasileiras, que impactam no terceiro setor e constroem\u00a0novos futuros para o nosso pa\u00eds.[\/vc_column_text][\/vc_column][\/vc_row][vc_row css=&#8221;.vc_custom_1633013379958{padding-top: 00px !important;padding-bottom: 00px !important;background-color: #fafafa !important;}&#8221;][vc_column]        <h3 style=\"text-align:left;font-size:; font-weight:  ; color: #67b5bb ;  \" class=\" headding_two \">O            <span style=\"color: #000000 ; font-size:; font-weight:  \">PROJETO<\/span>\n        <\/h3> \n\t\t[vc_column_text css_animation=&#8221;fadeInUp&#8221; css=&#8221;.vc_custom_1633023574264{margin-bottom: 52px !important;}&#8221;]O Construindo o Futuro fortalece organiza\u00e7\u00f5es da sociedade civil por meio de capacita\u00e7\u00f5es, mentorias e trabalho em rede, para que alcancem excel\u00eancia em gest\u00e3o, aprendam a diversificar suas fontes de recursos e gerem ainda mais impacto positivo para a sociedade.[\/vc_column_text][\/vc_column][\/vc_row][vc_row css_animation=&#8221;fadeInRight&#8221; css=&#8221;.vc_custom_1633023109791{padding-top: 00px !important;padding-bottom: 00px !important;background-color: #fafafa !important;}&#8221;][vc_column width=&#8221;1\/2&#8243;][vc_empty_space]        <h3 style=\"text-align:left;font-size:; font-weight:  ; color: #67b5bb ;  \" class=\" headding_two \">NOSSOS            <span style=\"color: #000000 ; font-size:; font-weight:  \">N\u00daMEROS<\/span>\n        <\/h3> \n\t\t[vc_column_text css_animation=&#8221;fadeInUp&#8221; css=&#8221;.vc_custom_1633025213777{margin-bottom: 102px !important;}&#8221;]100 ONGs beneficiadas entre 2018 e 2021<\/p>\n<p>&nbsp;<\/p>\n<p>128 mil pessoas impactadas indiretamente<\/p>\n<p>&nbsp;<\/p>\n<p>Mais de 550 profissionais capacitados<\/p>\n<p>&nbsp;<\/p>\n<p>55 ONGs certificadas<\/p>\n<p>&nbsp;<\/p>\n<p>81,25% das ONGs certificadas diversificaram suas fontes de receita em 2020<\/p>\n<p>&nbsp;<\/p>\n<p>83,4% demonstraram-se satisfeitos com as capacita\u00e7\u00f5es em 2021[\/vc_column_text][\/vc_column][vc_column width=&#8221;1\/2&#8243;][vc_single_image image=&#8221;3134&#8243; img_size=&#8221;full&#8221; css_animation=&#8221;fadeInRight&#8221;][\/vc_column][\/vc_row][vc_row css=&#8221;.vc_custom_1633013379958{padding-top: 00px !important;padding-bottom: 00px !important;background-color: #fafafa !important;}&#8221;][vc_column]        <h3 style=\"text-align:left;font-size:; font-weight:  ; color: #67b5bb ;  \" class=\" headding_two \">ATIVIDADES            <span style=\"color: #000000 ; font-size:; font-weight:  \">DO PROJETO<\/span>\n        <\/h3> \n\t\t[vc_column_text css_animation=&#8221;fadeInUp&#8221; css=&#8221;.vc_custom_1633023606313{margin-bottom: 52px !important;}&#8221;]<strong>Mentorias on-line<\/strong>\u00a0&#8211; As ONGs que participam dos nossos programas recebem mentoria de profissionais de diversas \u00e1reas do terceiro setor, setor de neg\u00f3cios de impacto e mercado convencional.<\/p>\n<p>&nbsp;<\/p>\n<p><strong>Capacita\u00e7\u00f5es presenciais e on-line<\/strong>\u00a0&#8211; Nossas capacita\u00e7\u00f5es est\u00e3o divididas em tr\u00eas blocos: &#8220;Estrat\u00e9gia e gest\u00e3o transformadora&#8221;, &#8220;Finan\u00e7as saud\u00e1veis e efici\u00eancia em mobiliza\u00e7\u00e3o de recursos&#8221; e &#8220;Comunica\u00e7\u00e3o engajadora&#8221;.<\/p>\n<p>&nbsp;<\/p>\n<p><strong>Eventos<\/strong>\u00a0&#8211; Funcionam como uma forma a mais de informar, debater temas importantes e proporcionar momentos de trocas de conhecimentos e experi\u00eancias entre as pessoas. Os principais s\u00e3o: eventos de integra\u00e7\u00e3o, treinamentos on-line e o Futuro Talk.<\/p>\n<p>&nbsp;<\/p>\n<p><strong>Oficinas e rodadas de pitch\u00a0<\/strong>&#8211; Apoiam as ONGs a aperfei\u00e7oar ou desenvolver solu\u00e7\u00f5es e projetos. Chamado de &#8220;pitch de engajamento&#8221;, ap\u00f3s as oficinas, as organiza\u00e7\u00f5es s\u00e3o convidadas para participar do Engaja Day, momento de se apresentarem para uma banca de jurados e potenciais parceiros e investidores sociais.<\/p>\n<p>&nbsp;<\/p>\n<p><strong>Visitas t\u00e9cnicas<\/strong>\u00a0&#8211; Oportunidade de maior aproxima\u00e7\u00e3o com as ONGs, de conhecer melhor seus projetos e de confirmar in loco seus avan\u00e7os e desafios.<\/p>\n<p>&nbsp;<\/p>\n<p><strong>Diagn\u00f3stico organizacional\u00a0<\/strong>&#8211; Instrumento pr\u00f3prio, elaborado em parceria com o Programa de P\u00f3s-gradua\u00e7\u00e3o em Mudan\u00e7a Social e Participa\u00e7\u00e3o Pol\u00edtica &#8211; Each\/USP,\u00a0 usado para diagnosticar as for\u00e7as e oportunidades de melhoria das ONGs que passam pelos nossos programas.[\/vc_column_text][\/vc_column][\/vc_row][vc_row css=&#8221;.vc_custom_1633013379958{padding-top: 00px !important;padding-bottom: 00px !important;background-color: #fafafa !important;}&#8221;][vc_column width=&#8221;1\/2&#8243;][vc_empty_space]        <h3 style=\"text-align:left;font-size:; font-weight:  ; color: #67b5bb ;  \" class=\" headding_two \">SIGA O PROJETO            <span style=\"color: #000000 ; font-size:; font-weight:  \">NAS REDES SOCIAIS<\/span>\n        <\/h3> \n\t\t[vc_empty_space][vc_column_text css_animation=&#8221;fadeInUp&#8221; css=&#8221;.vc_custom_1633024954393{margin-bottom: 102px !important;}&#8221;]Instagram:\u00a0<a href=\"https:\/\/www.instagram.com\/ofuturoorg\/\">https:\/\/www.instagram.com\/ofuturoorg\/<\/a><\/p>\n<p>&nbsp;<\/p>\n<p>Facebook:\u00a0<a href=\"https:\/\/www.facebook.com\/ofuturoorg\">https:\/\/www.facebook.com\/ofuturoorg<\/a><\/p>\n<p>&nbsp;<\/p>\n<p>LinkedIn:\u00a0<a href=\"https:\/\/www.linkedin.com\/company\/ofuturoorg\">https:\/\/www.linkedin.com\/company\/ofuturoorg<\/a><\/p>\n<p>&nbsp;<\/p>\n<p>YouTube:\u00a0<a href=\"https:\/\/www.youtube.com\/ofuturoorg\">https:\/\/www.youtube.com\/ofuturoorg<\/a>[\/vc_column_text][\/vc_column][vc_column width=&#8221;1\/2&#8243;][vc_single_image image=&#8221;3121&#8243; img_size=&#8221;full&#8221; css_animation=&#8221;fadeInLeft&#8221;][\/vc_column][\/vc_row][vc_row css=&#8221;.vc_custom_1604448929726{padding-top: 80px !important;padding-bottom: 80px !important;background-color: #fafafa !important;}&#8221;][vc_column][vc_column_text css_animation=&#8221;fadeInUp&#8221; css=&#8221;.vc_custom_1602629565312{margin-bottom: 102px !important;}&#8221;]<\/p>\n<h3 style=\"text-align: center;\"><a href=\"https:\/\/www.youtube.com\/watch?v=jkIcG1NP6aA\"><ins style=\"color: #67b5bb;\">ASSISTA AQUI <\/ins><\/a><strong>o nosso v\u00eddeo institucional que conta a hist\u00f3ria dos 70 anos do IEE.<\/strong><\/h3>\n<p>[\/vc_column_text][\/vc_column][\/vc_row][vc_row jws_parallax=&#8221;1&#8243; css=&#8221;.vc_custom_1604376421350{background-image: url(https:\/\/ieesp.org.br\/site\/wp-content\/uploads\/2020\/09\/brax.jpg?id=1942) !important;}&#8221;][vc_column][vc_empty_space height=&#8221;80px&#8221;][vc_custom_heading text=&#8221;QUE TAL SER UM ASSOCIADO DO IEE?&#8221; font_container=&#8221;tag:h4|font_size:30px|text_align:center|color:%23ffffff|line_height:30px&#8221; google_fonts=&#8221;font_family:Montserrat%3Aregular%2C700|font_style:400%20regular%3A400%3Anormal&#8221; css_animation=&#8221;fadeInUp&#8221; css=&#8221;.vc_custom_1604376644828{margin-bottom: 22px !important;}&#8221;][vc_custom_heading text=&#8221;Sua ajuda \u00e9 muito importante!&#8221; font_container=&#8221;tag:p|font_size:16px|text_align:center|color:%23a9a9a9|line_height:30px&#8221; google_fonts=&#8221;font_family:Montserrat%3Aregular%2C700|font_style:400%20regular%3A400%3Anormal&#8221; css_animation=&#8221;fadeInUp&#8221; css=&#8221;.vc_custom_1604376763905{margin-bottom: 22px !important;}&#8221;]        <div class=\" wpb_animate_when_almost_visible wpb_fadeInUp fadeInUp\">\n\t\t\t<div style=\"border-radius: 25px;     background-size: 200% auto; background-image: linear-gradient(to right,#67b5bb 0%,#1a629d 51%,#67b5bb 100%) !important; margin:0 auto; width: 270px  ; height: 45px ; line-height: 45px ; text-align: center; color: #ffffff; font-size: 14px; font-weight: 500;display: block; cursor: pointer;\" class=\" button_kloud hvr-float-shadow\" onclick=\"window.location.href='https:\/\/ieesp.org.br\/site\/associado\/'\" >\n                INSCREVA-SE            <\/div> \n        <\/div>       \n\t\t[vc_empty_space height=&#8221;100px&#8221;][\/vc_column][\/vc_row][vc_row][vc_column][\/vc_column][\/vc_row]<\/p>\n","protected":false},"excerpt":{"rendered":"<p>[vc_row css=&#8221;.vc_custom_1633013352404{padding-top: 00px !important;padding-bottom: 00px !important;background-color: #fafafa !important;}&#8221;][vc_column][vc_column_text css_animation=&#8221;fadeInUp&#8221; css=&#8221;.vc_custom_1633023659159{margin-bottom: 42px !important;}&#8221;]Conhe\u00e7a o Construindo o Futuro, nossa iniciativa para o fortalecimento institucional das organiza\u00e7\u00f5es da sociedade civil brasileiras, que impactam no terceiro setor e constroem\u00a0novos futuros para o nosso pa\u00eds.[\/vc_column_text][\/vc_column][\/vc_row][vc_row css=&#8221;.vc_custom_1633013379958{padding-top: 00px !important;padding-bottom: 00px !important;background-color: #fafafa !important;}&#8221;][vc_column][vc_column_text css_animation=&#8221;fadeInUp&#8221; css=&#8221;.vc_custom_1633023574264{margin-bottom: 52px !important;}&#8221;]O Construindo o Futuro fortalece [&hellip;]<\/p>\n","protected":false},"author":1,"featured_media":0,"parent":0,"menu_order":0,"comment_status":"closed","ping_status":"closed","template":"","meta":{"footnotes":""},"class_list":["post-2161","page","type-page","status-publish","hentry"],"_links":{"self":[{"href":"https:\/\/ieesp.org.br\/site\/wp-json\/wp\/v2\/pages\/2161","targetHints":{"allow":["GET"]}}],"collection":[{"href":"https:\/\/ieesp.org.br\/site\/wp-json\/wp\/v2\/pages"}],"about":[{"href":"https:\/\/ieesp.org.br\/site\/wp-json\/wp\/v2\/types\/page"}],"author":[{"embeddable":true,"href":"https:\/\/ieesp.org.br\/site\/wp-json\/wp\/v2\/users\/1"}],"replies":[{"embeddable":true,"href":"https:\/\/ieesp.org.br\/site\/wp-json\/wp\/v2\/comments?post=2161"}],"version-history":[{"count":47,"href":"https:\/\/ieesp.org.br\/site\/wp-json\/wp\/v2\/pages\/2161\/revisions"}],"predecessor-version":[{"id":3169,"href":"https:\/\/ieesp.org.br\/site\/wp-json\/wp\/v2\/pages\/2161\/revisions\/3169"}],"wp:attachment":[{"href":"https:\/\/ieesp.org.br\/site\/wp-json\/wp\/v2\/media?parent=2161"}],"curies":[{"name":"wp","href":"https:\/\/api.w.org\/{rel}","templated":true}]}}