{"id":988,"date":"2017-12-19T08:49:15","date_gmt":"2017-12-19T08:49:15","guid":{"rendered":"http:\/\/klound.gavencreative.com\/?page_id=988"},"modified":"2024-09-20T19:26:21","modified_gmt":"2024-09-20T22:26:21","slug":"quem","status":"publish","type":"page","link":"https:\/\/ieesp.org.br\/site\/quem\/","title":{"rendered":"QUEM SOMOS"},"content":{"rendered":"<p>[vc_row css=&#8221;.vc_custom_1604967159273{padding-top: 30px !important;padding-bottom: 70px !important;}&#8221;][vc_column offset=&#8221;vc_col-lg-6 vc_col-md-6&#8243;]        <h3 style=\"text-align:left;font-size:; font-weight:  ; color: #67b5bb ;  \" class=\" headding_two \">QUEM            <span style=\"color: #000000 ; font-size:; font-weight:  \">SOMOS<\/span>\n        <\/h3> \n\t\t[vc_empty_space height=&#8221;30px&#8221;][vc_column_text css_animation=&#8221;fadeInUp&#8221; css=&#8221;.vc_custom_1602628307414{margin-bottom: 90px !important;}&#8221;]A hist\u00f3ria do Instituto Esp\u00edrita de Educa\u00e7\u00e3o remonta a 1947, ano de funda\u00e7\u00e3o da ent\u00e3o denominada Uni\u00e3o Social Esp\u00edrita Estadual \u2013 USE, atualmente chamada Uni\u00e3o das Sociedades Esp\u00edritas do Estado de S\u00e3o Paulo. A USE nasceu com o prop\u00f3sito de unificar o espiritismo no estado e tamb\u00e9m com diversos departamentos. Um deles, o Departamento de Educa\u00e7\u00e3o, fundou o Instituto Esp\u00edrita de Educa\u00e7\u00e3o, j\u00e1 em 1949, com o objetivo de estabelecer escolas infantis com base na doutrina.<\/p>\n<p>&nbsp;<\/p>\n<p>No ano de 1973, ap\u00f3s 24 anos de lutas e muitos desafios vencidos, o Instituto Esp\u00edrita de Educa\u00e7\u00e3o funde-se com o Centro Esp\u00edrita do Itaim, \u00e0 rua Leopoldo Couto de Magalh\u00e2es Jr. 695, onde ficamos at\u00e9 o ano de 2011.<\/p>\n<p>&nbsp;<\/p>\n<p>O Centro Esp\u00edrita do Itaim foi fundado em 1946, na atual rua At\u00edlio Innocenti. Em 1947 comprou o terreno da rua Lepoldo Couto de Magalh\u00e3es Jr., com 2 mil metros quadrados.<\/p>\n<p>&nbsp;<\/p>\n<p>Desta forma, o Instituto Esp\u00edrita dedicou-se, desde ent\u00e3o, a projetos educacionais agora nas \u00e1reas doutrin\u00e1rias e filantr\u00f3picas, com cursos estruturados para o bom desenvolvimento e educa\u00e7\u00e3o do esp\u00edrita e atendimento caridoso a seus assistidos.[\/vc_column_text][vc_single_image image=&#8221;2647&#8243; img_size=&#8221;full&#8221; alignment=&#8221;center&#8221; css_animation=&#8221;fadeInLeft&#8221; css=&#8221;.vc_custom_1607332146287{margin-bottom: 30px !important;}&#8221;][\/vc_column][vc_column offset=&#8221;vc_col-lg-6 vc_col-md-6&#8243;][vc_empty_space height=&#8221;50px&#8221;][vc_raw_html]JTNDaWZyYW1lJTIwd2lkdGglM0QlMjI1NDAlMjIlMjBoZWlnaHQlM0QlMjIzMTUlMjIlMjBzcmMlM0QlMjJodHRwcyUzQSUyRiUyRnd3dy55b3V0dWJlLmNvbSUyRmVtYmVkJTJGamtJY0cxTlA2YUElMjIlMjBmcmFtZWJvcmRlciUzRCUyMjAlMjIlMjBhbGxvdyUzRCUyMmFjY2VsZXJvbWV0ZXIlM0IlMjBhdXRvcGxheSUzQiUyMGNsaXBib2FyZC13cml0ZSUzQiUyMGVuY3J5cHRlZC1tZWRpYSUzQiUyMGd5cm9zY29wZSUzQiUyMHBpY3R1cmUtaW4tcGljdHVyZSUyMiUyMGFsbG93ZnVsbHNjcmVlbiUzRSUzQyUyRmlmcmFtZSUzRQ==[\/vc_raw_html]        <h3 style=\"text-align:left;font-size:; font-weight:  ; color: #67b5bb ;  \" class=\" headding_two \">A SEDE            <span style=\"color: #000000 ; font-size:; font-weight:  \">NOVA<\/span>\n        <\/h3> \n\t\t[vc_empty_space height=&#8221;30px&#8221;][vc_column_text css_animation=&#8221;fadeInUp&#8221; css=&#8221;.vc_custom_1602628400771{margin-bottom: 90px !important;}&#8221;]Em 2009, uma comiss\u00e3o foi formada para analisar o futuro de nossa sede na Lepoldo Couto de Magalh\u00e3es Jr 695. Nosso edif\u00edcio necessitava reformas urgentes na parte el\u00e9trica, hidr\u00e1ulica e mesmo estrutural.<\/p>\n<p>&nbsp;<\/p>\n<p>Op\u00e7\u00f5es foram analisadas, como reformas, parcerias, aluguel parcial e venda com constru\u00e7\u00e3o de nova sede.<\/p>\n<p>&nbsp;<\/p>\n<p>Ap\u00f3s estudos e consultas aos associados, decidiu-se pela venda da sede da Leopoldo, constru\u00e7\u00e3o de uma nova ali perto e reutiliza\u00e7\u00e3o dos recursos excedentes para projetos sociais.<\/p>\n<p>&nbsp;<\/p>\n<p>O objetivo nunca foi apenas a mudan\u00e7a de edif\u00edcio. Desde o in\u00edcio, o objetivo maior sempre foi a utiliza\u00e7\u00e3o dos recursos excedentes em projetos filantr\u00f3picos do IEE.<\/p>\n<p>&nbsp;<\/p>\n<p>Ap\u00f3s per\u00edodo de projetos, aprova\u00e7\u00f5es e obras, em 06\/06\/2011 o IEE mudou suas atividades para o endere\u00e7o novo.<\/p>\n<p>&nbsp;<\/p>\n<p>Veja detalhes, desde o in\u00edcio do processo da nova sede, no endere\u00e7o:<\/p>\n<p>&nbsp;<\/p>\n<p><strong><a href=\"http:\/\/www.novasede.blogspot.com\/\">www.novasede.blogspot.com .<\/a><\/strong><\/p>\n<p>&nbsp;<\/p>\n<p>Hoje o IEE, como \u00e9 carinhosamente chamado pelos seus freq\u00fcentadores, possui cursos de inicia\u00e7\u00e3o \u00e0 doutrina, programa\u00e7\u00e3o planejada de palestras para suas tr\u00eas reuni\u00f5es p\u00fablicas, com passes, cursos de desenvolvimento medi\u00fanico, atendimento fraterno e atendimento espiritual, e trabalhos medi\u00fanicos.<\/p>\n<p>&nbsp;<\/p>\n<p>Informa\u00e7\u00f5es hist\u00f3ricas extra\u00eddas do \u201cAnais do Instituto Esp\u00edrita de Educa\u00e7\u00e3o \u2013 1950 \u2013 1982\u201d, de autoria de Eduardo Monteiro de Carvalho.[\/vc_column_text][\/vc_column][\/vc_row][vc_row css=&#8221;.vc_custom_1525686844567{padding-top: 100px !important;padding-bottom: 46px !important;background-color: #fafafa !important;}&#8221;][vc_column][vc_column_text css_animation=&#8221;fadeInUp&#8221; css=&#8221;.vc_custom_1602629565312{margin-bottom: 102px !important;}&#8221;]<\/p>\n<h3 style=\"text-align: center;\"><a href=\"https:\/\/www.youtube.com\/watch?v=jkIcG1NP6aA\"><ins style=\"color: #67b5bb;\">ASSISTA AQUI <\/ins><\/a><strong>o nosso v\u00eddeo institucional que conta a hist\u00f3ria dos 70 anos do IEE.<\/strong><\/h3>\n<p>[\/vc_column_text][\/vc_column][\/vc_row][vc_row css=&#8221;.vc_custom_1611233495485{padding-top: 100px !important;padding-bottom: 46px !important;background-color: #ffffff !important;}&#8221;][vc_column][vc_column_text css_animation=&#8221;fadeInUp&#8221; css=&#8221;.vc_custom_1611233436587{margin-bottom: 102px !important;}&#8221;]<\/p>\n<h3 style=\"text-align: center;\"><a href=\"https:\/\/ieesp.org.br\/site\/wp-content\/uploads\/2021\/01\/LogoIEE_projeto.pdf\"><ins style=\"color: #67b5bb;\">CONHE\u00c7A\u00a0 AQUI <\/ins><\/a><strong>o projeto do nosso Logo. Entenda o significado de cada um das partes, dos frequentadores ao esp\u00edrito do IEE.<\/strong><\/h3>\n<p>[\/vc_column_text][\/vc_column][\/vc_row][vc_row css=&#8221;.vc_custom_1611233596969{padding-top: 96px !important;background-color: #fafafa !important;}&#8221;][vc_column][vc_custom_heading text=&#8221;CONSELHO E DIRETORIA&#8221; font_container=&#8221;tag:h4|font_size:30px|text_align:center|color:%23171717|line_height:30px&#8221; google_fonts=&#8221;font_family:Montserrat%3Aregular%2C700|font_style:400%20regular%3A400%3Anormal&#8221; css_animation=&#8221;fadeInUp&#8221; el_class=&#8221;weight_500&#8243; css=&#8221;.vc_custom_1602629778308{margin-bottom: 22px !important;}&#8221;][vc_custom_heading text=&#8221;Conhe\u00e7a os eleitos ao novo Conselho Deliberativo e a Diretoria Executiva para o bi\u00eanio 2023 &#8211; 2025.&#8221; font_container=&#8221;tag:p|font_size:16px|text_align:center|color:%2368686d|line_height:29px&#8221; google_fonts=&#8221;font_family:Montserrat%3Aregular%2C700|font_style:400%20regular%3A400%3Anormal&#8221; css_animation=&#8221;fadeInUp&#8221;][vc_custom_heading text=&#8221;As elei\u00e7\u00f5es ocorreram em 23\/10\/2021.&#8221; font_container=&#8221;tag:p|font_size:16px|text_align:center|color:%2368686d|line_height:29px&#8221; google_fonts=&#8221;font_family:Montserrat%3Aregular%2C700|font_style:400%20regular%3A400%3Anormal&#8221; css_animation=&#8221;fadeInUp&#8221;][\/vc_column][\/vc_row][vc_row css=&#8221;.vc_custom_1602631443438{padding-top: 64px !important;padding-bottom: 50px !important;}&#8221;][vc_column css_animation=&#8221;flipInX&#8221;][vc_tta_accordion style=&#8221;outline&#8221; color=&#8221;peacoc&#8221; c_icon=&#8221;triangle&#8221; active_section=&#8221;0&#8243; css_animation=&#8221;fadeIn&#8221; collapsible_all=&#8221;true&#8221;][vc_tta_section title=&#8221;Bi\u00eanio 2023 &#8211; 2025&#8243; tab_id=&#8221;1602629854916-642ad38f-af12&#8243;][vc_column_text]<strong>Conselho de Administra\u00e7\u00e3o<\/strong><\/p>\n<p>(por ordem de maior vota\u00e7\u00e3o)<\/p>\n<p>&nbsp;<\/p>\n<ol>\n<li>Adair Ribeiro J\u00fanior<\/li>\n<li>Wilma Badan Caparroz Gonzalez<\/li>\n<li>Antonio Bento Mota Conde<\/li>\n<li>Morena Almeida de Carvalho<\/li>\n<li>Chris de F\u00e1tima Laguna<\/li>\n<li>Catarina Maria Gramalia<\/li>\n<li>Marina Flandoli<\/li>\n<li>Sandra Cancoro Generali<\/li>\n<li>Denise Campagnoli<\/li>\n<li>Helenice Palermo Lanzana<\/li>\n<li>Maria Luiza Gramalia<\/li>\n<li>Berta Kogan<\/li>\n<li>Daniela Botti<\/li>\n<li>Zelma Cincotto<\/li>\n<li>Adalberto Garcez Lopes<\/li>\n<li>Josie Almeida<\/li>\n<li>Heloisa Gomes Dimiranda Boari<\/li>\n<li>Vicente Bonif\u00e1cio de Melo<\/li>\n<\/ol>\n<p>&nbsp;<\/p>\n<p><strong>Vital\u00edcios<\/strong><\/p>\n<p>Os ex-presidentes da Diretoria Executiva s\u00e3o considerados membros Titulares permanentes e vital\u00edcios do Conselho Deliberativo, desde que continuem como associados do IEE, conforme artigo 19 do Estatuto. S\u00e3o eles:<\/p>\n<p>&nbsp;<\/p>\n<p>Andr\u00e9 Steagall Gertsenchtein<\/p>\n<p>Esterlita Moreira<\/p>\n<p>Helga Klug Doin Vieira<\/p>\n<p>Jos\u00e9 Rodrigues Neto<\/p>\n<p>Maur\u00edcio Ferreira Agudo Rom\u00e3o<\/p>\n<p>Osvaldo Coltri Filho<\/p>\n<p>&nbsp;<\/p>\n<p><strong>Suplentes<\/strong><\/p>\n<ol>\n<li>Marcelo Uchoa<\/li>\n<li>Elisa Cruz Pereira Pinto<\/li>\n<li>Regiane de Mello<\/li>\n<li>D\u00e1lvaro Galv\u00e3o Spinola<\/li>\n<li>Bruno Mendes Louren\u00e7o<\/li>\n<\/ol>\n<p>&nbsp;<\/p>\n<p><strong>Diretoria Executiva<\/strong><\/p>\n<p>Chapa: Uni\u00e3o e Trabalho<\/p>\n<p>Presidente: \u00a0\u00a0\u00a0\u00a0\u00a0\u00a0\u00a0\u00a0 Andr\u00e9a Rejane dos Santos<\/p>\n<p>Vice-Presid:\u00a0\u00a0\u00a0\u00a0\u00a0\u00a0\u00a0\u00a0 Marcela Dolce<\/p>\n<p>1\u00aa Secretaria:\u00a0 \u00a0 \u00a0 \u00a0Jussara de Souza<\/p>\n<p>2\u00aa Secretaria: \u00a0\u00a0\u00a0\u00a0\u00a0 Ana Alice de Camargo<\/p>\n<p>Financeiro:<\/p>\n<p>Vice- Financeiro: Clayton Harada<\/p>\n<p>Doutrin\u00e1ria:\u00a0 \u00a0 \u00a0 \u00a0 \u00a0Mirella Sato<\/p>\n<p>Educa\u00e7\u00e3o: \u00a0\u00a0\u00a0\u00a0\u00a0\u00a0\u00a0\u00a0\u00a0\u00a0 Adriana Aprigliano<\/p>\n<p>Filantropia: \u00a0\u00a0\u00a0\u00a0\u00a0\u00a0\u00a0\u00a0 Glaucia Bitencourt<\/p>\n<p>Patrim\u00f4nio: \u00a0\u00a0\u00a0\u00a0\u00a0\u00a0\u00a0 Rog\u00e9rio de Souza[\/vc_column_text][vc_column_text][\/vc_column_text][\/vc_tta_section][vc_tta_section title=&#8221;Bi\u00eanio 2021 &#8211; 2023&#8243; tab_id=&#8221;1700240116637-ede00533-49b9&#8243;][vc_column_text]<strong>Conselho de Administra\u00e7\u00e3o<\/strong><\/p>\n<p>(por ordem de maior vota\u00e7\u00e3o)<\/p>\n<p>&nbsp;<\/p>\n<ol>\n<li style=\"list-style-type: none;\">\n<ol>\n<li style=\"list-style-type: none;\">\n<ol>\n<li>1 &#8211; Wilma Badan Caparroz Gonzalez<\/li>\n<li>2 &#8211; Luiz Carlos Monteiro de Barros<\/li>\n<li>3 &#8211; Luis Carlos Vieira Palma<\/li>\n<li>3 &#8211; Adair Ribeiro Junior<\/li>\n<li>3 &#8211; Mirella Figueiredo de Castro Sato<\/li>\n<li>6 &#8211; Diego Alexandre Carlos<\/li>\n<li>7 &#8211; Cl\u00e1udio Miranda Marins<\/li>\n<li>8 &#8211; Chris de F\u00e1tima Laguna<\/li>\n<li>9 &#8211; Jose Manoel Alvarez Lopez<\/li>\n<li>9 &#8211; Sandra Cancoro Generali<\/li>\n<li>9 &#8211; Eduardo Dellavolpi Ribeiro<\/li>\n<li>12- Priscila da Silva Couto<\/li>\n<li>13 &#8211; Catarina Maria Gramalia<\/li>\n<li>14 &#8211; Maria Luiza Gramalia<\/li>\n<li>15 &#8211; Helenice Palermo Lanzana<\/li>\n<li>16 &#8211; Antonio Bento Mota Conde<\/li>\n<li>16 &#8211; Isnard Borges de Souza<\/li>\n<li>18 &#8211; Roberval Ramos Mascarenhas<\/li>\n<\/ol>\n<p>&nbsp;<\/li>\n<\/ol>\n<p>&nbsp;<\/p>\n<p><strong>Conselheiros Vital\u00edcios<\/strong><\/p>\n<p>&nbsp;<\/p>\n<ol>\n<li>Andr\u00e9 Steagall Gertsenchtein<\/li>\n<li>Esterlita Moreira<\/li>\n<li>Mauricio Ferreira Agudo Rom\u00e3o<\/li>\n<li>Osvaldo Coltri Filho<\/li>\n<\/ol>\n<p>&nbsp;<\/p>\n<p><strong>Suplentes ao Conselho\u00a0<\/strong><\/p>\n<p>&nbsp;<\/p>\n<ol>\n<li>1 &#8211; S\u00edlvio Costa<\/li>\n<li>2 &#8211; Josie Almeida Souza<\/li>\n<li>3 &#8211; Vicente Bonif\u00e1cio Melo<\/li>\n<li>4 &#8211; Nello Garbini<\/li>\n<li>5 &#8211; Gilmara Lima<\/li>\n<li>6 &#8211; Maria Jos\u00e9 Visconti Mendes<\/li>\n<li>7 &#8211; Regiane T.\u00a0 Mello<\/li>\n<\/ol>\n<\/li>\n<\/ol>\n<p>&nbsp;<\/p>\n<p><strong>Diretoria Executiva<\/strong><\/p>\n<p>&nbsp;<\/p>\n<ol>\n<li><u>Chapa \u201d Solidariedade Fraterna\u201d<\/u><\/li>\n<li>Presidente \u2013 Helga Klug Doin Vieira<\/li>\n<li>Vice-Presidente \u2013\u00a0Marina Augusto Flandoli Torres Costa<\/li>\n<li>Secret\u00e1ria \u2013 Marcela Dolce Ribeiro<\/li>\n<li>Vice-secret\u00e1ria II \u2013 Adriana Marino Aprigliano<\/li>\n<li>Diretora Financeira \u2013 Morena Carvalho<\/li>\n<li>Vice-Diretor Financeiro \u2013 Antonio Carlos Fonseca<\/li>\n<li>Diretor Doutrin\u00e1rio \u2013\u00a0Andrea Rejane dos Santos<\/li>\n<li>Diretora Educacional \u2013\u00a0Ana Alice Salles Ferraz de Camargo<\/li>\n<li>Diretora de Filantropia \u2013 Edna Lednik Fonseca<\/li>\n<li>Diretor de Patrim\u00f4nio \u2013 Rog\u00e9rio Fabiano de Souza<\/li>\n<\/ol>\n<p>[\/vc_column_text][vc_column_text][\/vc_column_text][\/vc_tta_section][vc_tta_section title=&#8221;Bi\u00eanio 2019 &#8211; 2021&#8243; tab_id=&#8221;1634989235836-cbc9e514-548a&#8221;][vc_column_text]<strong>Conselho de Administra\u00e7\u00e3o<\/strong><\/p>\n<p>&nbsp;<\/p>\n<ol>\n<li>Adair Ribeiro Junior<\/li>\n<li>Antonio Carlos Fonseca<\/li>\n<li>Catarina Maria Gramalia<\/li>\n<li>Chris de F\u00e1tima Laguna<\/li>\n<li>Diego Alexandre Carlos<\/li>\n<li>Eduardo Dellavolpi Ribeiro<\/li>\n<li>Jose Manoel Alvarez Lopez<\/li>\n<li>Josie Almeida Souza<\/li>\n<li>Luiz Carlos Vieira Palma<\/li>\n<li>Maria Luiza Gramalia<\/li>\n<li>Mirella Figueiredo de Castro Sato<\/li>\n<li>Priscila da Silva Couto<\/li>\n<li>Regiane T. de Mello<\/li>\n<li>Roberval Ramos Mascarenhas<\/li>\n<li>Sandra Cancoro Generali<\/li>\n<li>Vicente Bonif\u00e1cio Melo<\/li>\n<li>Wilma Badan Caparroz Gonzalez<\/li>\n<li>Wlademir Correa Cardoso<\/li>\n<\/ol>\n<p>&nbsp;<\/p>\n<p><strong>Conselheiros Vital\u00edcios<\/strong><\/p>\n<p>&nbsp;<\/p>\n<ol>\n<li>Andr\u00e9 Steagall Gertsenchtein<\/li>\n<li>Esterlita Moreira<\/li>\n<li>Mauricio Ferreira Agudo Rom\u00e3o<\/li>\n<li>Osvaldo Coltri Filho<\/li>\n<\/ol>\n<p>&nbsp;<\/p>\n<p><strong>Suplentes ao Conselho (pela ordem de votos)<\/strong><\/p>\n<p>&nbsp;<\/p>\n<ol>\n<li>Antonio Bento Mota Conde<\/li>\n<li>Alvaro Eduardo Ribeiro dos Santos<\/li>\n<li>Isnard Borges de Souza<\/li>\n<li>Leonardo Teixeira<\/li>\n<\/ol>\n<p>&nbsp;<\/p>\n<p><strong>Diretoria Executiva<\/strong><\/p>\n<p>&nbsp;<\/p>\n<ol>\n<li><u>Chapa \u201d Solidariedade Fraterna\u201d<\/u><\/li>\n<li>Presidente \u2013 Helga Klug Doin Vieira<\/li>\n<li>Vice-Presidente \u2013 Andrea Rejane dos Santos<\/li>\n<li>Secret\u00e1ria \u2013 Ana Alice Salles Ferraz de Camargo<\/li>\n<li>Vice-secret\u00e1ria II \u2013 Adriana Aprigliano<\/li>\n<li>Diretora Financeira \u2013 Morena Carvalho<\/li>\n<li>Vice-Diretor Financeiro \u2013 Vinicius Rocha Langoni<\/li>\n<li>Diretor Doutrin\u00e1rio \u2013 Luiz Carlos Monteiro de Barros<\/li>\n<li>Diretora Educacional \u2013 Marina Flandoli<\/li>\n<li>Diretora de Filantropia \u2013 Edna Lednik Fonseca<\/li>\n<li>Diretor de Patrim\u00f4nio \u2013 Paulo Roberto Trifilio<\/li>\n<\/ol>\n<p>[\/vc_column_text][vc_empty_space][\/vc_tta_section][vc_tta_section title=&#8221;Bienio 2017 &#8211; 2019&#8243; tab_id=&#8221;1602629854917-51408b06-1d3a&#8221;][vc_column_text]<strong>Conselho de Administra\u00e7\u00e3o<\/strong><\/p>\n<p>&nbsp;<\/p>\n<ol>\n<li>Ana Alice Salles Ferraz de Camargo<\/li>\n<li>Andrea Rejane dos Santos<br \/>\nChris de F\u00e1tima Laguna<br \/>\nClaudete Maria Madalozzo<br \/>\nD\u00e1lvaro Sp\u00ednola<br \/>\nD\u00e9bora Parada Cabral<br \/>\nGeny Gon\u00e7alves de Oliveira<br \/>\nHelga Klug Doin Vieira<br \/>\nHugo Cabral Filho<br \/>\nJos\u00e9 Manoel Alvarez Lopes<br \/>\nLuiz Carlos Monteiro de Barrs<br \/>\nPaulo Peral Rengel Junior<br \/>\nPaulo Roberto Trifilio<br \/>\nSergio Cassano<br \/>\nSonia Maria Ribeiro<\/li>\n<li>Vicente Bonif\u00e1cio de Melo<br \/>\nWlademir Correia Cardoso<\/li>\n<\/ol>\n<p>&nbsp;<\/p>\n<p><strong>Conselheiros Vital\u00edcios<\/strong><\/p>\n<p>&nbsp;<\/p>\n<ol>\n<li>Andr\u00e9 Steagall Gertsenchtein<\/li>\n<li>Esterlita Moreira<\/li>\n<li>Osvaldo Coltri Filho<\/li>\n<\/ol>\n<p>&nbsp;<\/p>\n<p><strong>Suplentes ao Conselho (pela ordem de votos)<\/strong><\/p>\n<p>&nbsp;<\/p>\n<ol>\n<li>F\u00e1bio Reis Rodrigues<\/li>\n<li>Roberval Ramos Mascarenhas<\/li>\n<li>Vanderlei Bento<\/li>\n<li>Jos\u00e9 Alves da Silva<\/li>\n<li>Vinicius Rocha Langoni<\/li>\n<\/ol>\n<p>&nbsp;<\/p>\n<p><strong>Diretoria Executiva<\/strong><\/p>\n<p>&nbsp;<\/p>\n<ol>\n<li>Presidente\u00a0 \u00a0 \u00a0 \u00a0 \u00a0 \u00a0 \u00a0 \u00a0 Mauricio F A Romao<\/li>\n<li>Vice-Presidente\u00a0 \u00a0 \u00a0\u00a0 Luis Carlos Palma<\/li>\n<li>Dir Doutrina\u00a0 \u00a0 \u00a0 \u00a0 \u00a0 \u00a0\u00a0 Wilma Badan C Gonzales<\/li>\n<li>Dir Filantropia\u00a0 \u00a0 \u00a0 \u00a0\u00a0 Edna Lednik Fonseca<\/li>\n<li>Dir Educa\u00e7\u00e3o\u00a0 \u00a0 \u00a0 \u00a0 \u00a0 \u00a0 Diego Aexandre Carlos<\/li>\n<li>Dir Patrimonio\u00a0 \u00a0 \u00a0 \u00a0\u00a0 Antonio Carlos Fonseca<\/li>\n<li>Dir Financeiro\u00a0 \u00a0 \u00a0 \u00a0 \u00a0 Adriano M Melito<\/li>\n<li>Vice-Dir Financ\u00a0 \u00a0 \u00a0 \u00a0 Leonardo V M Teixeira<\/li>\n<li>1a Secret\u00e1ria\u00a0 \u00a0 \u00a0 \u00a0 \u00a0 \u00a0\u00a0 Adriana Aprigliano<\/li>\n<li>2a Secret\u00e1ria\u00a0 \u00a0 \u00a0 \u00a0 \u00a0 \u00a0 Priscila da Silva Couto<\/li>\n<\/ol>\n<p>[\/vc_column_text][\/vc_tta_section][\/vc_tta_accordion][vc_empty_space][vc_separator color=&#8221;custom&#8221; css_animation=&#8221;fadeIn&#8221; accent_color=&#8221;#d4d4d4&#8243;][\/vc_column][\/vc_row][vc_row css=&#8221;.vc_custom_1602636819286{padding-top: 43px !important;padding-bottom: 43px !important;}&#8221;][vc_column][vc_custom_heading text=&#8221;CONHE\u00c7A NOSSO ESTATUTO SOCIAL&#8221; font_container=&#8221;tag:h4|font_size:30px|text_align:center|color:%23171717|line_height:30px&#8221; google_fonts=&#8221;font_family:Montserrat%3Aregular%2C700|font_style:400%20regular%3A400%3Anormal&#8221; css_animation=&#8221;fadeInUp&#8221; el_class=&#8221;weight_500&#8243; css=&#8221;.vc_custom_1602635007319{margin-bottom: 22px !important;}&#8221;][vc_custom_heading text=&#8221;Saiba como participar da gest\u00e3o do IEE, como ser um Associado, um Diretor ou Conselheiro.&#8221; font_container=&#8221;tag:p|font_size:16px|text_align:center|color:%2368686d|line_height:29px&#8221; google_fonts=&#8221;font_family:Montserrat%3Aregular%2C700|font_style:400%20regular%3A400%3Anormal&#8221; css_animation=&#8221;fadeInUp&#8221;][vc_custom_heading text=&#8221;Toda a gest\u00e3o da casa baseia-se no Estatuto Social. Clique aqui para conhecer o Estatuto completo.&#8221; font_container=&#8221;tag:p|font_size:16px|text_align:center|color:%2368686d|line_height:29px&#8221; google_fonts=&#8221;font_family:Montserrat%3Aregular%2C700|font_style:400%20regular%3A400%3Anormal&#8221; css_animation=&#8221;fadeInUp&#8221;][vc_empty_space]        <div class=\" wpb_animate_when_almost_visible wpb_fadeInUp fadeInUp\">\n\t\t\t<div style=\"border-radius: 25px;     background-size: 200% auto; background-image: linear-gradient(to right,#67b5bb 0%,#1a629d 51%,#67b5bb 100%) !important; margin:0 auto; width: 170px  ; height: 46px ; line-height: 46px ; text-align: center; color: #ffffff; font-size: 14px; font-weight: 500;display: block; cursor: pointer;\" class=\" button_kloud hvr-float-shadow\" onclick=\"window.location.href='https:\/\/ieesp.org.br\/site\/wp-content\/uploads\/2021\/01\/EstatutoIEE082023.pdf'\" >\n                CLIQUE            <\/div> \n        <\/div>       \n\t\t[vc_empty_space][vc_separator color=&#8221;custom&#8221; css_animation=&#8221;fadeIn&#8221; accent_color=&#8221;#d4d4d4&#8243;][\/vc_column][\/vc_row][vc_row css=&#8221;.vc_custom_1602636800910{padding-top: 43px !important;padding-bottom: 43px !important;}&#8221;][vc_column][vc_custom_heading text=&#8221;CONHE\u00c7A O ESPIRITISMO&#8221; font_container=&#8221;tag:h4|font_size:30px|text_align:center|color:%23171717|line_height:30px&#8221; google_fonts=&#8221;font_family:Montserrat%3Aregular%2C700|font_style:400%20regular%3A400%3Anormal&#8221; css_animation=&#8221;fadeInUp&#8221; el_class=&#8221;weight_500&#8243; css=&#8221;.vc_custom_1602636026241{margin-bottom: 22px !important;}&#8221; link=&#8221;url:https%3A%2F%2Fieesp.org.br%2FEstatutoSocial_IEESP.pdf&#8221;][vc_custom_heading text=&#8221;Conhe\u00e7a o Espiritismo, uma nova era para a Humanidade. Clique aqui e acesse o Material da Federa\u00e7\u00e3o Esp\u00edrita Internacional.&#8221; font_container=&#8221;tag:p|font_size:16px|text_align:center|color:%2368686d|line_height:29px&#8221; google_fonts=&#8221;font_family:Montserrat%3Aregular%2C700|font_style:400%20regular%3A400%3Anormal&#8221; css_animation=&#8221;fadeInUp&#8221;][vc_empty_space]        <div class=\" wpb_animate_when_almost_visible wpb_fadeInUp fadeInUp\">\n\t\t\t<div style=\"border-radius: 25px;     background-size: 200% auto; background-image: linear-gradient(to right,#67b5bb 0%,#1a629d 51%,#67b5bb 100%) !important; margin:0 auto; width: 170px  ; height: 46px ; line-height: 46px ; text-align: center; color: #ffffff; font-size: 14px; font-weight: 500;display: block; cursor: pointer;\" class=\" button_kloud hvr-float-shadow\" onclick=\"window.location.href='https:\/\/ieesp.org.br\/Conheca-o-Espiritismo.pdf'\" >\n                CLIQUE            <\/div> \n        <\/div>       \n\t\t[vc_empty_space][vc_separator color=&#8221;custom&#8221; css_animation=&#8221;fadeIn&#8221; accent_color=&#8221;#d4d4d4&#8243;][\/vc_column][\/vc_row][vc_row content_placement=&#8221;middle&#8221; css=&#8221;.vc_custom_1602636841843{padding-top: 43px !important;}&#8221;][vc_column width=&#8221;1\/6&#8243;][\/vc_column][vc_column width=&#8221;2\/3&#8243;][vc_custom_heading text=&#8221;PRESTANDO CONTAS&#8221; font_container=&#8221;tag:h4|font_size:30px|text_align:center|color:%23171717|line_height:30px&#8221; google_fonts=&#8221;font_family:Montserrat%3Aregular%2C700|font_style:400%20regular%3A400%3Anormal&#8221; css_animation=&#8221;fadeInUp&#8221; el_class=&#8221;weight_500&#8243; css=&#8221;.vc_custom_1602632902747{margin-bottom: 22px !important;}&#8221;][vc_custom_heading text=&#8221;Veja aqui os Fluxos de Caixa do IEE&#8221; font_container=&#8221;tag:p|font_size:16px|text_align:center|color:%2368686d|line_height:29px&#8221; google_fonts=&#8221;font_family:Montserrat%3Aregular%2C700|font_style:400%20regular%3A400%3Anormal&#8221; css_animation=&#8221;fadeInUp&#8221;][vc_empty_space]        <div class=\" wpb_animate_when_almost_visible wpb_fadeInUp fadeInUp\">\n\t\t\t<div style=\"border-radius: 25px;     background-size: 200% auto; background-image: linear-gradient(to right,#67b5bb 0%,#1a629d 51%,#67b5bb 100%) !important; margin:0 auto; width: 170px  ; height: 46px ; line-height: 46px ; text-align: center; color: #ffffff; font-size: 14px; font-weight: 500;display: block; cursor: pointer;\" class=\" button_kloud hvr-float-shadow\" onclick=\"window.location.href='https:\/\/ieesp.org.br\/site\/contas'\" >\n                CLIQUE            <\/div> \n        <\/div>       \n\t\t[vc_empty_space][\/vc_column][vc_column width=&#8221;1\/6&#8243;][\/vc_column][\/vc_row][vc_row jws_parallax=&#8221;1&#8243; css=&#8221;.vc_custom_1604376421350{background-image: url(https:\/\/ieesp.org.br\/site\/wp-content\/uploads\/2020\/09\/brax.jpg?id=1942) !important;}&#8221;][vc_column][vc_empty_space height=&#8221;80px&#8221;][vc_custom_heading text=&#8221;QUE TAL SER UM ASSOCIADO DO IEE?&#8221; font_container=&#8221;tag:h4|font_size:30px|text_align:center|color:%23ffffff|line_height:30px&#8221; google_fonts=&#8221;font_family:Montserrat%3Aregular%2C700|font_style:400%20regular%3A400%3Anormal&#8221; css_animation=&#8221;fadeInUp&#8221; css=&#8221;.vc_custom_1604376644828{margin-bottom: 22px !important;}&#8221;][vc_custom_heading text=&#8221;Sua ajuda \u00e9 muito importante!&#8221; font_container=&#8221;tag:p|font_size:16px|text_align:center|color:%23a9a9a9|line_height:30px&#8221; google_fonts=&#8221;font_family:Montserrat%3Aregular%2C700|font_style:400%20regular%3A400%3Anormal&#8221; css_animation=&#8221;fadeInUp&#8221; css=&#8221;.vc_custom_1604376763905{margin-bottom: 22px !important;}&#8221;]        <div class=\" wpb_animate_when_almost_visible wpb_fadeInUp fadeInUp\">\n\t\t\t<div style=\"border-radius: 25px;     background-size: 200% auto; background-image: linear-gradient(to right,#67b5bb 0%,#1a629d 51%,#67b5bb 100%) !important; margin:0 auto; width: 270px  ; height: 45px ; line-height: 45px ; text-align: center; color: #ffffff; font-size: 14px; font-weight: 500;display: block; cursor: pointer;\" class=\" button_kloud hvr-float-shadow\" onclick=\"window.location.href='https:\/\/ieesp.org.br\/site\/associado\/'\" >\n                INSCREVA-SE            <\/div> \n        <\/div>       \n\t\t[vc_empty_space height=&#8221;100px&#8221;][\/vc_column][\/vc_row]<\/p>\n","protected":false},"excerpt":{"rendered":"<p>[vc_row css=&#8221;.vc_custom_1604967159273{padding-top: 30px !important;padding-bottom: 70px !important;}&#8221;][vc_column offset=&#8221;vc_col-lg-6 vc_col-md-6&#8243;][vc_empty_space height=&#8221;30px&#8221;][vc_column_text css_animation=&#8221;fadeInUp&#8221; css=&#8221;.vc_custom_1602628307414{margin-bottom: 90px !important;}&#8221;]A hist\u00f3ria do Instituto Esp\u00edrita de Educa\u00e7\u00e3o remonta a 1947, ano de funda\u00e7\u00e3o da ent\u00e3o denominada Uni\u00e3o Social Esp\u00edrita Estadual \u2013 USE, atualmente chamada Uni\u00e3o das Sociedades Esp\u00edritas do Estado de S\u00e3o Paulo. A USE nasceu com o prop\u00f3sito de unificar o espiritismo [&hellip;]<\/p>\n","protected":false},"author":1,"featured_media":0,"parent":0,"menu_order":0,"comment_status":"closed","ping_status":"closed","template":"","meta":{"footnotes":""},"class_list":["post-988","page","type-page","status-publish","hentry"],"_links":{"self":[{"href":"https:\/\/ieesp.org.br\/site\/wp-json\/wp\/v2\/pages\/988","targetHints":{"allow":["GET"]}}],"collection":[{"href":"https:\/\/ieesp.org.br\/site\/wp-json\/wp\/v2\/pages"}],"about":[{"href":"https:\/\/ieesp.org.br\/site\/wp-json\/wp\/v2\/types\/page"}],"author":[{"embeddable":true,"href":"https:\/\/ieesp.org.br\/site\/wp-json\/wp\/v2\/users\/1"}],"replies":[{"embeddable":true,"href":"https:\/\/ieesp.org.br\/site\/wp-json\/wp\/v2\/comments?post=988"}],"version-history":[{"count":47,"href":"https:\/\/ieesp.org.br\/site\/wp-json\/wp\/v2\/pages\/988\/revisions"}],"predecessor-version":[{"id":4607,"href":"https:\/\/ieesp.org.br\/site\/wp-json\/wp\/v2\/pages\/988\/revisions\/4607"}],"wp:attachment":[{"href":"https:\/\/ieesp.org.br\/site\/wp-json\/wp\/v2\/media?parent=988"}],"curies":[{"name":"wp","href":"https:\/\/api.w.org\/{rel}","templated":true}]}}